 x(-35).
243
Let a(q) = -13262*q - 12021. Give a(-1).
1241
Let t(m) = -12679*m + 4640513. Determine t(366).
-1
Let j(v) = 7*v**3 + 58*v**2 - 10*v - 140. Calculate j(-6).
496
Let f(a) = -12*a**3 - 385*a**2 + 2182*a - 23. Give f(-37).
14
Let i(m) = 2*m**2 + 40*m - 64. What is i(-21)?
-22
Let a(k) = -2*k**2 + 90*k + 16099. Determine a(-70).
-1
Let r(w) = -w**3 - 25*w**2 - 195*w - 4609. Calculate r(-25).
266
Let r(h) = -14145*h - 56672. What is r(-4)?
-92
Let f(k) = k**3 + 43*k**2 - 2302*k - 94. Determine f(-74).
498
Let p(b) = -2*b**2 + 73955*b - 739395. Give p(10).
-45
Let p(m) = -m**3 + 45*m**2 + 59*m - 3352. Give p(45).
-697
Let z(r) = 30333*r - 1364975. Calculate z(45).
10
Let n(h) = -h**3 - 25*h**2 - 102*h - 2607. Determine n(-25).
-57
Let o(u) = -764*u - 59767. What is o(-77)?
-939
Let f(x) = -3*x**3 + 72*x**2 + 52*x + 348. What is f(24)?
1596
Let b(l) = 141*l**2 + 533*l - 1608. What is b(3)?
1260
Let s(a) = -2*a**3 - 40*a**2 + 33*a + 163. Determine s(-17).
-2132
Let r(i) = -20*i**3 + 13*i**2 - 28. Give r(5).
-2203
Let n(s) = 103*s**2 + 7613*s - 264. What is n(-74)?
402
Let v(j) = -j**2 + 42762*j + 299406. Calculate v(-7).
23
Let a(y) = -39*y**2 - 5516*y + 20164. Give a(-145).
9
Let k(m) = -81529*m + 23. Calculate k(0).
23
Let j(q) = 263*q + 6525. Give j(-25).
-50
Let g(m) = 22*m**2 - 5281*m - 311247. What is g(289)?
6
Let q(r) = 12*r**2 - 141*r + 23. Give q(6).
-391
Let u(n) = -41*n**2 + 155*n + 126. Determine u(10).
-2424
Let t(l) = -l**3 + 96*l**2 + 4260*l - 425. What is t(129)?
-38
Let m(r) = -7*r**2 + 336*r - 633. Determine m(46).
11
Let l(r) = -69*r**3 - 345*r**2 + 799*r + 3989. What is l(-5)?
-6
Let w(j) = -2*j**2 + 36514*j + 914107. Give w(-25).
7
Let s(g) = 1716*g - 1240682. Determine s(723).
-14
Let n(k) = -175*k + 26678. Calculate n(153).
-97
Let n(y) = -88151*y - 88143. Calculate n(-1).
8
Let k(q) = -q**3 - 45*q**2 - 215*q + 1099. What is k(-39)?
358
Let m(r) = r**3 + 19*r**2 - 780*r + 177. What is m(20)?
177
Let n(u) = -4*u**3 + 22*u**2 + 1031*u - 88. Calculate n(19).
7
Let g(l) = 8987*l - 89633. Calculate g(10).
237
Let o(p) = -p**2 + 1436*p - 7173. Calculate o(5).
-18
Let j(h) = -12*h**2 - 1865*h + 1087. Determine j(-156).
-5
Let c(w) = 45640*w - 958330. What is c(21)?
110
Let b(v) = 255*v**2 - 13259*v - 56. Calculate b(52).
-4
Let g(c) = 12498*c - 62420. Determine g(5).
70
Let r(j) = -121*j**2 + 69*j - 16. Determine r(2).
-362
Let b(r) = 1137*r - 12958. Calculate b(9).
-2725
Let k(g) = 22*g**2 + 740*g + 2229. Determine k(-3).
207
Let x(a) = 55*a**2 - 912*a - 371. Calculate x(17).
20
Let g(t) = -1559687*t - 21835621. Determine g(-14).
-3
Let t(g) = 3*g**2 - 1572*g + 9469. Calculate t(6).
145
Let o(d) = -16*d**2 + 52*d + 179. Calculate o(8).
-429
Let p(a) = -2624*a + 68213. What is p(26)?
-11
Let x(g) = g**3 - 120*g**2 + 2315*g - 294685. Give x(121).
71
Let v(b) = -2*b**3 - 17*b**2 - 63*b + 5. Calculate v(0).
5
Let g(w) = 9*w**3 + 22*w**2 + 70*w + 12. What is g(-6)?
-1560
Let i(a) = -a**3 - 57*a**2 - 209*a - 449. Calculate i(-54).
2089
Let x(z) = 138002*z + 689959. Give x(-5).
-51
Let i(n) = 9547*n - 1059692. What is i(111)?
25
Let p(i) = 2*i**2 + 567*i + 5136. What is p(-9)?
195
Let g(w) = 1706*w - 385536. Calculate g(226).
20
Let j(c) = -2*c**3 + 14*c**2 - 46*c + 181. What is j(5)?
51
Let t(r) = r - 633. What is t(-91)?
-724
Let w(q) = -41*q**2 - 1634*q + 242. Give w(-40).
2
Let l(r) = -169*r - 30569. Determine l(-174).
-1163
Let d(v) = 3765*v - 13759. What is d(4)?
1301
Let s(n) = -185*n**2 + 23738*n - 7420. Determine s(128).
4
Let u(m) = 11834*m + 153839. Determine u(-13).
-3
Let f(x) = 49529*x - 1238233. Give f(25).
-8
Let b(y) = -8*y**2 - 321*y - 1884. Calculate b(-32).
196
Let f(z) = 44*z**3 + 8*z**2 - 6*z - 20. What is f(-4)?
-2684
Let o(x) = -14*x**2 + 21*x - 7. What is o(-6)?
-637
Let z(q) = -2*q**2 + 299*q - 1723. Determine z(6).
-1
Let f(o) = -3*o**3 - 38*o**2 + 57*o + 1250. Determine f(-10).
-120
Let z(d) = 24590*d + 1942617. What is z(-79)?
7
Let b(h) = -14016*h - 17660162. Give b(-1260).
-2
Let i(a) = 4*a**2 - 1726*a - 495250. Determine i(-197).
8
Let u(b) = 34220*b - 205317. Give u(6).
3
Let k(a) = a**3 + 219*a**2 - 1338*a - 197988. Give k(-221).
28
Let g(p) = -29*p**3 + 289*p**2 - 486*p + 4953. Give g(10).
-7
Let r(l) = 38*l + 2286. Calculate r(-61).
-32
Let u(j) = -158203*j - 3638661. Give u(-23).
8
Let u(v) = v**3 + 539*v**2 - 18869*v - 100. Calculate u(33).
131
Let d(x) = 79*x**2 - 1731*x - 6234. Determine d(25).
-134
Let s(r) = -2*r**2 + 837*r - 16766. Determine s(22).
680
Let i(y) = 68*y**2 - 15506*y + 456. Give i(228).
0
Let n(x) = 54*x**2 - 19110*x + 127. Determine n(354).
2251
Let n(i) = 453*i + 95619. Calculate n(-211).
36
Let l(a) = -3*a**2 + 541*a - 19840. Give l(51).
-52
Let d(p) = -14*p**2 - 8674*p + 17400. Determine d(2).
-4
Let n(z) = -1240*z - 6303. Give n(-5).
-103
Let h(c) = 7*c**3 - 30*c**2 - 839*c + 3374. Give h(4).
-14
Let o(h) = -h**3 - 152*h**2 + 488*h + 51163. Calculate o(-153).
-92
Let q(o) = o**2 - 504*o - 5529716. Determine q(-2113).
5
Let x(b) = 4*b**3 + 43*b**2 - 18*b + 22. Calculate x(-13).
-1265
Let o(l) = -61*l**2 + 6197*l + 12396. Determine o(-2).
-242
Let k(t) = t**2 + 94*t + 1637. Calculate k(-25).
-88
Let s(x) = -x**2 - 546*x + 435342. Give s(-987).
75
Let v(x) = 2*x**2 - 267*x - 7854. What is v(159)?
255
Let g(o) = o**2 + 12*o - 1387. Give g(-45).
98
Let t(x) = 158*x - 5490. Give t(34).
-118
Let o(t) = -203911*t + 35072688. Calculate o(172).
-4
Let z(j) = 4*j**3 - 137*j**2 + 711*j + 5. What is z(6)?
203
Let f(g) = 3*g**2 + 307*g + 3823. Give f(-114).
7813
Let k(x) = 4*x**3 + 80*x**2 + 10*x + 162. Calculate k(-20).
-38
Let h(z) = 273*z**2 - 813*z - 30. What is h(3)?
-12
Let t(n) = -553*n + 17154. Calculate t(27).
2223
Let l(d) = -7074*d + 49516. What is l(7)?
-2
Let n(u) = 273*u + 25286. Give n(-93).
-103
Let n(x) = x**2 - 117*x - 822. Calculate n(124).
46
Let g(a) = 2*a**3 - 1369*a**2 + 583*a + 69078. Determine g(684).
-6
Let l(b) = 6666*b - 6683. Give l(1).
-17
Let r(j) = 388*j + 15589. Determine r(-41).
-319
Let p(k) = k**2 - 11*k - 483. Determine p(-16).
-51
Let v(b) = -702*b - 250499. Calculate v(-357).
115
Let p(j) = -35*j**3 + 26*j**2 - 5*j + 13. Give p(1).
-1
Let d(c) = 1858*c**2 - 98474*c - 3. Calculate d(53).
-3
Let w(d) = -12895*d - 180694. Determine w(-14).
-164
Let p(u) = 34*u**2 + 11461*u + 12624. Give p(-336).
192
Let h(i) = -4*i**2 - 45069*i + 360590. Give h(8).
-218
Let w(o) = o**3 + 31*o**2 - 1061*o + 1611. Calculate w(-52).
-1
Let s(z) = -4945*z - 105552. What is s(-21)?
-1707
Let p(q) = 25806*q - 102958. Give p(4).
266
Let o(t) = -2958*t - 53997. What is o(-18)?
-753
Let c(d) = -9*d**2 - 209*d - 1410. Calculate c(-6).
-480
Let f(c) = c**3 - 93*c**2 - 469*c + 79958. Calculate f(88).
-34
Let t(i) = 6*i**3 + 13*i**2 + 47*i + 218. What is t(-5)?
-442
Let o(p) = -3*p**2 + 271*p + 3262. What is o(101)?
30
Let h(f) = f**3 + 15*f**2 - 1371*f - 13544. Calculate h(-10).
666
Let y(l) = -12*l**2 - 674*l - 118. Give y(-53).
1896
Let t(r) = -49951*r - 149669. Determine t(-3).
184
Let o(p) = 17374*p - 208449. Determine o(12).
39
Let y(j) = -1063*j + 10633. Determine y(10).
3
Let g(y) = 4408*y + 97841. Calculate g(-22).
865
Let c(z) = z**3 - 286*z**2 + 480*z - 55573. What is c(285)?
2
Let l(w) = -w**2 - 87*w - 47. Determine l(-83).
285
Let x(a) = 2634*a + 74134. Give x(-28).
382
Let v(g) = -190*g - 5450. Determine v(-28).
-130
Let a(c) = -43*c**2 - 790*c - 988. What is a(-17)?
15
Let y(x) = 13*x**2 - 27483*x + 1990071. What is y(2039)?
7
Let z(f) = -2*f**3 - 1434*f**2 - 27871*f + 198. Determine z(-20).
18
Let b(i) = -i**3 - 519*i**2 - 32561*i - 229. Calculate b(-73).
-10
Let g(u) = -u**2 - 1505*u - 208049. Determine g(-154).
5
Let z(m) = 3*m**3 + 68*m**2 + 274*m - 723. Give z(-16).
13
Let m(t) = -t**3 + 14*t**2 - 644*t + 8248. What is m(13)?
45
Let i(o) = 169*o - 1202. Determine i(8).
150
Let i(y) = -y**3 - 42*y**2 - 74*y + 125. Give i(-40).
-115
Let r(k) = -79563*k - 239366. Determine r(-3).
-677
Let g(c) = -12*c**2 + 382*c + 4166. Determine g(-10).
-854
Let d(i) = -2*i**2 + 502*i - 22355. Calculate d(198).
-1367
Let d(o) = 33779*o**2 - 6519349*o + 403. What is d(193)?
17
Let j(y) = 145*y**2 - 1051*y - 203. Calculate j(7).
-455
Let w(f) = 1435*f + 228093. Give w(-1